 - (3 + -9)) + (2 - 20). Let x(i) = -i**3 - 13*i**2 + 23*i - 22. What is the remainder when x(s) is divided by 14?
13
Let g(l) = 13*l**2 + 7*l + 10. Suppose 0 = 3*q - 16 - 158. What is the remainder when q is divided by g(-1)?
10
Let j = 4558 - 2674. Suppose 618 = 4*p - 3*x - j, 0 = -p + 5*x + 634. What is the remainder when p is divided by 11?
8
Suppose -3*l + 234 = 5*b, 4*b + 64*l - 68*l - 232 = 0. What is the remainder when b is divided by 28?
23
Suppose -44*o + 37*o = 2009. Let d = -284 - o. What is the remainder when 33 is divided by d?
0
Let u(v) = -6*v + 22. Suppose c = 3*q + 19, -4*c + 3*c - 5 = q. What is the remainder when 637 is divided by u(q)?
57
Let z = 8080 - 8078. Calculate the remainder when 607 is divided by z.
1
Suppose -2*h - 6*h + 13*h = 1630. What is the remainder when 1304 is divided by h?
0
Suppose 0 = 2*j - 0*j + 4*t - 336, 4*j = 5*t + 620. Let b = j - 138. Calculate the remainder when 125 is divided by b.
15
Suppose -1598*o = -1617*o + 114. Calculate the remainder when 6050 is divided by o.
2
Let g(t) = 3*t**3 - 4*t**2 + 2*t - 3. Let l(w) = w**2 + 2*w - 1. Let p be l(-3). Let f be g(p). What is the remainder when 24 is divided by 5*6/f*3?
4
What is the remainder when 3049 + 24/(-16)*16/24 is divided by 9?
6
Calculate the remainder when 4658 is divided by (57 + -7)*11/(-22)*4/(-5).
18
Let a be 0 - 1 - 649/11. Let v = -57 - a. Suppose 0 = -v*h - 14 + 50. Calculate the remainder when 71 is divided by h.
11
Suppose 7*v - 14*v = -1008. Suppose v = 2*h + 4*h. Suppose -4*d + 5*n + 194 = -d, 4*d - 3*n - 266 = 0. What is the remainder when d is divided by h?
20
Let k(n) = -113*n - 1083. Calculate the remainder when k(-19) is divided by 17.
10
Suppose -4279*u + 160 = -4269*u. What is the remainder when 2238 is divided by u?
14
Let z(x) = -2*x**3 + 4*x**2 - 4*x. Let b be z(0). Suppose b = 22*g - 1802 + 548. What is the remainder when 104 is divided by g?
47
Suppose r = -0*r + 26. Let j = -108 - -81. Let u = j + 41. What is the remainder when r is divided by u?
12
Suppose -19670 + 1094 = -48*i. Calculate the remainder when 1172 is divided by i.
11
Suppose 277*c - 323*c = -874. What is the remainder when 910 is divided by c?
17
Let c be (-2 - (-28)/(-5))/((-4)/40). Suppose 86 = -2*z - g, c = -4*z + 3*g - 116. What is the remainder when z/(-2) + (-13)/(-26) is divided by 3?
2
Suppose -v + 4*w = 63 - 189, 0 = 5*v + 5*w - 730. Calculate the remainder when 709 is divided by v.
141
What is the remainder when (-2)/(5 - (-291)/(-58)) is divided by 15?
11
Suppose 9*x + 3183 - 4101 = 0. What is the remainder when x is divided by 2*2 - (-4 + -13)?
18
Let c(l) = 25*l**2 + 13*l + 76. Let h be c(-5). Suppose 4 = -8*d + h. What is the remainder when d is divided by (-214)/(-8) + (-4)/(-16)?
25
Suppose 4*z - 374 = -302. What is the remainder when 1000/15 - (-6)/(-9) is divided by z?
12
Let d = 345 + -59. Suppose -225*h = 4*k - 226*h - 109, 11*k + 4*h - 347 = 0. What is the remainder when d is divided by k?
25
Suppose 3*p - 4176 = 51*l - 52*l, 2*p + 2*l - 2780 = 0. Calculate the remainder when p is divided by 38.
25
Suppose 6*o - 3*o - 18 = 0. Let m(z) = -z**2 - 17*z + 1775. Calculate the remainder when m(-51) is divided by o.
5
Let l = 19195 + -19117. Let q(r) = 2*r**2 + 2*r - 4. Let v = 8 + -5. What is the remainder when l is divided by q(v)?
18
Let f = 490 - 131. Suppose -f = -4*m - 315. What is the remainder when m is divided by 3?
2
Suppose 46*j - 8441 - 29566 - 75981 = 0. Calculate the remainder when j is divided by 5.
3
Suppose 13 = k + 4. Let w(x) = x**3 - 21*x**2 - 25*x + 54. Let p be w(22). What is the remainder when 3/(-9) + (-484)/p is divided by k?
4
Let u = 717847 - 717806. Suppose 5*f - a - 22 = 0, 2*f - 13 = -3*a + 2*a. What is the remainder when u is divided by f?
1
Let f(m) = -365*m - 3841. What is the remainder when f(-21) is divided by 89?
86
Let n = 106 + -64. Let l be 29 - (-9)/(9/2). Let b = l - -134. Calculate the remainder when b is divided by n.
39
Let o be (6 - 1)/(3/(-2 + 5)). Suppose -n + 24 = o*n. Suppose f = -n*d + 153, f - 2*d - 180 = -3. Calculate the remainder when f is divided by 34.
33
Let s = -304 + 652. What is the remainder when (-11)/(8/s*(-18)/24) is divided by 64?
62
Suppose -13*t + 9*t - 2*s = -1214, 0 = t + 4*s - 286. Suppose 6*k = -0*k + t. Calculate the remainder when k is divided by 27.
24
Let y = 5 + -2. Let g(w) = -2*w - 3790*w**2 + 6 + 0*w + 3793*w**2. Calculate the remainder when 52 is divided by g(y).
25
Calculate the remainder when ((-10153)/(-208)*8)/((-2 - -4)/4) is divided by 78.
1
Let n = -146 + 179. Suppose -182 = 23*g - 458. What is the remainder when n is divided by g?
9
Suppose -949 = -13*o - 936. Let u = 8 + -5. Calculate the remainder when (-26)/(-24)*u*8*o is divided by 3.
2
Let n(f) be the second derivative of 1/6*f**3 + 12*f**2 + 0 - 10*f. Calculate the remainder when 61 is divided by n(-11).
9
Let u be 1/(-2 + (-116)/(-56)). Let r be (15 + -1)*7/u. Let d = 54 + r. What is the remainder when d is divided by 33?
28
Suppose 26*t + 157 - 1 = 0. Calculate the remainder when (-37 + 3)*(2 + 189/t) is divided by 15.
13
Suppose -7*a + 9*a - 46 = 0. Suppose -33 = -2*t - a. Suppose t*r = -5*m + 180, m = -1 - 2. What is the remainder when 113 is divided by r?
35
Suppose -4*c + 38 = -86. Suppose -784*w + 470*w + 38308 = 0. Calculate the remainder when w is divided by c.
29
Suppose 3*g + 0*g + 4*h - 210 = 0, 0 = 2*h - 6. What is the remainder when 272 is divided by g?
8
Let z(t) = 2*t + 109 - 65 - 77. Let i be z(13). What is the remainder when 9 + ((-4)/2 - i - 1) is divided by 3?
1
Let z be (-208)/(-156) - -1*4/6. Suppose 55 = 5*a - z*o, 4*a - o = o + 44. Suppose -3*y = -2*y - a. Calculate the remainder when 97 is divided by y.
9
Let s = 36671 + -36298. Let y = 1 + 33. What is the remainder when s is divided by y?
33
Let i(l) = l - 6. Let u be i(12). Suppose -3128 = -u*v + 130. What is the remainder when v is divided by 26?
23
Let b = 172 + -55. Suppose 451 - 481 = -6*m + 4*m. Calculate the remainder when b is divided by m.
12
Let s = 496 + -252. Suppose -61*z + 69*z = 328. Calculate the remainder when s is divided by z.
39
Suppose 3927 = 496*d - 1529. Calculate the remainder when 1136 is divided by d.
3
Calculate the remainder when 18/9*1*-2 + (-12936)/(-11) is divided by 27.
11
Calculate the remainder when 5920 - ((-190)/228 - (-195)/18) is divided by 32.
22
Suppose -2*m = 5*u - 27, 153*u - 4*m = 150*u + 11. Calculate the remainder when 92 is divided by u.
2
Let v be (4 + 66/(-12))/(3/(-6)). Suppose -6 = v*x - 12, -5*y - x + 67 = 0. Suppose j - 18 = 6. Calculate the remainder when j is divided by y.
11
Suppose -4*m - 14 = -i + 9, 2*i - 3*m - 66 = 0. Calculate the remainder when 815 is divided by i.
35
Let h(x) = 6*x**3 - x**2 - 2*x + 6. Let q be h(4). Suppose 0 = 12*m - 10*m - q. Calculate the remainder when m is divided by 19.
12
Let n be 1*(72/6 + -2). Suppose n*a = 258 + 2. Calculate the remainder when 255 is divided by a.
21
Let n(k) = 21*k**2 + 7*k - 52. Calculate the remainder when n(7) is divided by 7.
4
Let s be (-8)/(-28) - (-8)/(-28). Let k(q) = -q**3 - q**2 + q + 141. Calculate the remainder when k(s) is divided by 29.
25
Suppose -5*a - 5*g = -635, -6*g + g = 0. Let q be 2/8 - 475/(-4). Suppose 6*m - a - q = 0. What is the remainder when 160 is divided by m?
37
Suppose -4*o + 80 = -4*k + 4, -5*k - 77 = -4*o. What is the remainder when 787 is divided by o?
13
Suppose 0 = -58*r + 65*r + 511. Let s = r + 77. Calculate the remainder when 24 is divided by s.
0
Let a(x) = -136*x - 80. Let d be a(6). What is the remainder when 1/2*(d/(-14) + 12) is divided by 10?
8
Let x = 15247 + -15159. Calculate the remainder when 109 is divided by x.
21
Let l = -1512 + 2404. Calculate the remainder when l is divided by 227.
211
Let f be 30/6*19/1 + -4. Suppose 5*g = -4*v + f, 4 = -4*g - 0. Let x = v - -15. What is the remainder when 74 is divided by x?
35
Let z(g) = -20*g - 1. Let q(j) = -j**3 - 6*j**2 - 10*j - 11. Let x be q(-3). Calculate the remainder when z(-2) is divided by (-4)/(-14) - (x + 160/(-28)).
11
Suppose 5*o - 5*r = -5660, 4*r + 1292 = -3*o - 2111. What is the remainder when 41 is divided by (-1)/6 - o/66?
7
Let s(w) = -36*w**3 + w**2 + 17*w + 26. Calculate the remainder when 1125